 k(4)?
-12
Let d(f) = -f - 10. Suppose 3*k + 15 = 2*s, 5*k = 10*s - 6*s - 27. Calculate d(k).
-7
Let c(k) be the second derivative of -2 + 8*k**2 - 8*k + 1/6*k**3 + 1/12*k**4. Determine c(0).
16
Let u(o) = 2*o**3 - 9*o**2 - 2*o + 2. Let b(t) = t**3 - 22*t**2 - 73*t - 46. Let k be b(25). What is u(k)?
-22
Let c(d) = 13*d**2 - 20*d + 4. Let r(y) = -15*y**2 + 21*y - 2. Let b(o) = 6*c(o) + 5*r(o). What is b(7)?
56
Let k(t) be the second derivative of t**5/4 - t**4/4 + 2*t**3/3 - 5*t**2/2 - 138*t - 1. What is k(2)?
31
Let w(p) be the second derivative of p**6/180 - p**5/30 + 5*p**4/4 + p**3/2 + 2*p - 28. Let g(x) be the third derivative of w(x). Give g(4).
12
Let l be (8/(-6))/(-3*6/54). Suppose 0*x - l*x = -36. Let p(h) = -17*h + 14*h - 1 + 1 - x. Calculate p(-6).
9
Let n(s) = -s + s - 129*s**2 - 23*s**3 + 53*s + 21*s**3 - 72 + 11*s. Give n(-65).
-7
Let z(q) = 36*q + 1136. Let f(n) = n + 27. Let j(y) = -40*f(y) + z(y). Determine j(14).
0
Let p(b) = b**2 - 7*b + 2. Suppose -2*m + m - o + 4 = 0, 5 = -5*o. Give p(m).
-8
Suppose -923*k = -956*k - 132. Let s(y) = 2*y**3 + 6*y**2 - 7*y + 1. Give s(k).
-3
Suppose -67*a + 123 + 476 + 875 = 0. Let i(m) = -3*m + 53. What is i(a)?
-13
Let o be -5 - 15/(240/(-88)). Let i(j) be the second derivative of o*j**3 + 0 + 7*j - 9/2*j**2. Give i(7).
12
Let n(r) = r**2 - 19*r + 11. Let x be n(19). Let d be 2/(-6)*(x + 112). Let k = 33 + d. Let v(w) = -w**2 - 8*w + 9. Determine v(k).
9
Let i(k) be the third derivative of 0*k + 1/2*k**3 + 195*k**2 + 0 + 1/6*k**4. Calculate i(4).
19
Let g(b) = -3 - 15 + 8*b + 36 - 10. What is g(-3)?
-16
Let z(r) = -r + 2. Suppose 2*c - x + 5 = 2*x, -3*x + 1 = 2*c. Let k be z(c). Let h(i) = 0*i**k - 4*i - 5 - 4*i**2 + i**3 - i**2 + 0. Determine h(6).
7
Suppose 10*g = 7*g - 6. Let k(j) be the second derivative of -3*j + 0 + j**2 + 1/12*j**4 + 1/3*j**3. Give k(g).
2
Let z be (56/140)/(1/30). Let h(m) = 6*m + 12*m - m + 3 - z*m. What is h(-3)?
-12
Suppose 0*f = -4*f - 20. Let v(q) = 5*q + 8. Let z(k) = -3*k - 5. Let h(u) = f*v(u) - 8*z(u). Let b(p) = 2*p - 2. Let j(o) = b(o) + 3*h(o). Calculate j(5).
-7
Let g(p) = -10*p - 83. Let n be g(-7). Let m be 2/(-4) + (117/(-2))/n. Let o(w) be the second derivative of w**4/12 - w**3 + 2*w**2 + w. Give o(m).
-4
Let l(d) = -50*d + 58. Let t be l(1). Let u(g) = 5*g - 29. Determine u(t).
11
Let q(b) = 7*b + 3. Let n be q(1). Let i be 16/n - 14/(-35). Let v(h) = -2*h**3 + 133*h**i + h**3 - 2*h - 127*h**2. What is v(6)?
-12
Let t = -108 - -58. Let l be (6/(6/2))/(t/275). Let y(m) = m**2 + 11*m - 5. What is y(l)?
-5
Let f(i) = -i**3 + 15*i**2 - 53*i + 25. Suppose -3*h - 2*s = -20, -7*s + 20 = h - 9*s. Determine f(h).
-5
Let s(l) = 1. Let g(c) = -c + 1. Let w(u) = -g(u) - 3*s(u). Let p be 6/9*(2 - 17)*23. Let n = p - -236. Determine w(n).
2
Let a(n) = -n**2 - 4*n - 3. Let k be (-9)/(-5) - (-15)/75. Suppose -k*o + 35 - 23 = 0. Suppose -3*w + o*w + 9 = 0. What is a(w)?
0
Let b(s) = s**2 + s - 3412. Let a be b(58). Let h(q) = -q**2 + 14*q - 26. Give h(a).
14
Suppose z + 6 = -3*t - 3*z, t - 5*z - 17 = 0. Let w be (9/5)/(14/((-770)/(-33))). Let g(h) = -w*h**2 - 2*h**2 + 3*h**2 + 1. Determine g(t).
-7
Let v be (-1 - -4)*7/(-3). Let z(b) = -8577*b**2 - 3 + 4 - 4 - 14*b + 8576*b**2 - 2. Calculate z(v).
44
Let s(g) = -1143*g + 54 - 1085*g + 2225*g. Give s(10).
24
Let b = 2101 + -2101. Let o(y) be the second derivative of b + 4*y - 7/12*y**4 + 4/3*y**3 + 1/20*y**5 - 4*y**2. Give o(6).
4
Let j(x) be the second derivative of -x**5/20 + 2*x**4 - 47*x**3/3 - 11*x**2 - 2*x + 110. Determine j(19).
-3
Let f(p) be the second derivative of -1/2*p**3 + 5/6*p**4 - 165*p - 7*p**2 - 1/20*p**5 + 0. What is f(10)?
-44
Let n(j) = j + 8. Let b = -187 - -486. Let w = b - 312. Calculate n(w).
-5
Let l(x) = 0 - 48*x - 1 + 53*x. Let z be (3 - -1)/(12/30). Suppose 3*p = v + z, -3*v - v + p = 7. Determine l(v).
-6
Suppose -1732 = 17*j - 1664. Let x(a) = -2*a**2 - 3*a + 9. What is x(j)?
-11
Suppose -136*z - 71*z = 121*z + 302*z. Let c(g) = -g**3 + g**2 + 3*g - 106. Determine c(z).
-106
Let g(i) = 129*i - 137. Let n(x) = -167*x + 138. Let c(r) = -4*g(r) - 3*n(r). Determine c(9).
-1
Let i = 178 - 175. Let u(v) = 299*v**2 + 4 - i*v - v**3 + 0*v - 305*v**2 - 2*v. Determine u(-5).
4
Let l(k) = 2*k**3 + 12*k**2 - 12*k - 3. Let q(a) = -a**3 - 6*a**2 + 6*a + 1. Let m be ((-2)/(-6))/(-1*(-1)/(-15)). Let p(h) = m*q(h) - 3*l(h). Determine p(-7).
11
Let n(c) = -3*c + 3. Let r = -16210 + 16208. What is n(r)?
9
Let b = 2063 + -2059. Let h(s) = 2*s**3 - 3*s**2 - 5*s - 1. Determine h(b).
59
Let f(t) be the third derivative of -t**8/20160 + t**7/5040 + t**6/180 - 71*t**5/60 - t**2 - 6. Let d(q) be the third derivative of f(q). Give d(4).
-8
Let j(d) be the first derivative of -10*d**2 + 101*d - 4513. Calculate j(5).
1
Let t(y) = -y**3 - 13*y**2 + 18*y + 59. Let q = 6587 - 6601. What is t(q)?
3
Let o(z) = -11*z**2 + 45*z - 40. Let a be o(1). Let x(d) = 12*d + 58. Determine x(a).
-14
Let p(c) = c**2 - 7*c - 8. Suppose 0 = b - 9 - 0. Let x be p(b). Suppose k - 2*k = 2*q + 5, -5*q - x = 5*k. Let o(h) = -2*h**2 - 3*h - 3. Give o(q).
-12
Let v(w) be the third derivative of -w**5/30 - 5*w**4/24 - 7*w**3/6 - w**2. Suppose -99*i + 170 = -203*i - 142. What is v(i)?
-10
Let s(x) = -4*x**3 - 200*x**2 - 2*x - 95. Let j be s(-50). Let l(p) = -p**2 - 6*p + 48. What is l(j)?
-7
Let b(q) = -q**2 - 6*q. Let s be b(-4). Let l be 4*(-1)/s*-14. Let j(v) = -202*v**2 + 3 + 4*v - 210*v**2 + 2*v + 411*v**2. Determine j(l).
-4
Let m(k) be the second derivative of -1/20*k**5 - 2*k + 3/2*k**2 + 1/3*k**4 - 4 + k**3. What is m(5)?
8
Let t(c) = c**2 - 3*c - 5. Suppose -2*q - a + 4 = 0, -4*a + 40 = 2*q + 36. Let d(p) = p - 1. Let j(s) = q*d(s) - t(s). Calculate j(4).
7
Let k(o) be the first derivative of -9*o**2/2 - 10*o + 995. What is k(-4)?
26
Let u(d) be the third derivative of -3*d**4/8 - 305*d**3/6 + 1855*d**2. Calculate u(-34).
1
Let k = 9354 - 9342. Let d(g) = g**3 - 10*g**2 - 22*g - 26. Determine d(k).
-2
Let n be -3 - ((-188)/8 - (-2)/4). Suppose -24 = n*s - 8*s. Let h(r) = 2*r - 3. Calculate h(s).
-7
Let v(b) be the second derivative of -b**3/6 - 9*b**2/2 - 161*b + 1. Suppose 0*o = -3*o + 4*q, -q + 13 = -4*o. Let u be -3 - (o - (-3 - 2)). Calculate v(u).
-5
Let h(c) = -8*c - 467. Let z be h(-59). Let g(j) be the third derivative of 5*j**2 + 1/3*j**4 - 1/60*j**z + 0*j - 1/3*j**3 + 0. Determine g(6).
10
Let w(t) be the second derivative of -t**7/420 + t**6/90 - t**5/60 - t**4/24 - 3*t**3 + t + 23. Let x(c) be the second derivative of w(c). Determine x(2).
-5
Let o(w) = -3*w**2 - 9*w + 5. Let h = 9483 - 9487. Calculate o(h).
-7
Suppose 3*j + 67 - 73 = 2*y, -3*y = -5*j + 11. Let b(w) = 6*w + 3*w**2 - w**3 + 0 - 6 + 4 - 5. Determine b(j).
1
Let z(b) be the third derivative of -b**5/60 - b**4/3 - 3*b**3 - b**2. Let f = 107434 - 107440. Calculate z(f).
-6
Let z(l) = -2*l**3 - 5*l**3 - 2*l**2 - 4 - 2*l + 3. Let u be (-5 - (-2 - 1))/((-2)/(-12)). Let n(a) = a**2 + a - 133. Let i be n(u). What is z(i)?
6
Let s = 12 + 4. Suppose -13*v = -s*v - 24. Let m(z) = z**3 + 10*z**2 + 18*z + 17. Give m(v).
1
Let n(m) be the second derivative of -m**3/6 - 7*m**2/2 + 1582*m. Suppose -3*k = 2*k + 20. Let x = k - 2. What is n(x)?
-1
Let i(f) = -24*f**2 - 123*f - 1. Let x be i(-5). Let g(w) = -w**3 + 15*w**2 - 12*w - 29. Determine g(x).
-1
Let r = -311 + 305. Let a(h) = 9*h - 5. Let l(p) = -11*p + 5. Let i(x) = r*a(x) - 5*l(x). Suppose -4*n = -3*n + 5. Determine i(n).
0
Let d be 4/(-30) - ((-2256)/(-90))/(-8). Let c(b) = -6*b**2 + 14*b + 12. Determine c(d).
0
Suppose g + 5*h - 29 = 0, 5*h - 34 = -9. Suppose 10*m - 8 = 12*m - i, g*m = -i - 10. Let w(n) = 2*n**2 - n - 3. What is w(m)?
18
Let z(g) = 10*g**2 - g**2 + 27*g + 2 - 45 - 8*g**2. Give z(-29).
15
Let y(r) = -3*r**2 + r + 9. Let d(m) = -12*m**2 + 5*m + 38. Let x(b) = 2*d(b) - 9*y(b). Let f(a) = -2*a**2 - a + 2. Let p(j) = -5*f(j) - 3*x(j). What is p(0)?
5
Let n(c) be the second derivative of 1/30*c**5 - c - 1/360*c**6 + 0*c**3 + 0*c**2 + 17/6*c**4 + 0. Let f(u) be the third derivative of n(u). Determine f(4).
-4
Suppose -2*b = c + 6, -3*c + 24 = 18*b - 19*b. Let g(r) = 10*r + 25. Calculate g(b).
-35
Let r(c) = 9*c**2 - 4*c - 3. Let j(x) = 84*x + 839. Let i be j(-10). Give r(i).
10
Let c = 75 + -8